{"id":49,"date":"2022-12-21T13:23:07","date_gmt":"2022-12-21T13:23:07","guid":{"rendered":"http:\/\/Antonio"},"modified":"2023-04-10T14:47:15","modified_gmt":"2023-04-10T14:47:15","slug":"aviso-legal","status":"publish","type":"page","link":"https:\/\/vettonialegal.com\/index.php\/aviso-legal\/","title":{"rendered":"Aviso legal"},"content":{"rendered":"\t\t<div data-elementor-type=\"wp-page\" data-elementor-id=\"49\" class=\"elementor elementor-49\" data-elementor-post-type=\"page\">\n\t\t\t\t\t\t<section class=\"elementor-section elementor-top-section elementor-element elementor-element-228258b elementor-section-boxed elementor-section-height-default elementor-section-height-default\" data-id=\"228258b\" data-element_type=\"section\">\n\t\t\t\t\t\t<div class=\"elementor-container elementor-column-gap-default\">\n\t\t\t\t\t<div class=\"elementor-column elementor-col-100 elementor-top-column elementor-element elementor-element-584319a\" data-id=\"584319a\" data-element_type=\"column\">\n\t\t\t<div class=\"elementor-widget-wrap elementor-element-populated\">\n\t\t\t\t\t\t<div class=\"elementor-element elementor-element-f39ae28 elementor-widget elementor-widget-text-editor\" data-id=\"f39ae28\" data-element_type=\"widget\" data-widget_type=\"text-editor.default\">\n\t\t\t\t<div class=\"elementor-widget-container\">\n\t\t\t<style>\/*! elementor - v3.22.0 - 17-06-2024 *\/\n.elementor-widget-text-editor.elementor-drop-cap-view-stacked .elementor-drop-cap{background-color:#69727d;color:#fff}.elementor-widget-text-editor.elementor-drop-cap-view-framed .elementor-drop-cap{color:#69727d;border:3px solid;background-color:transparent}.elementor-widget-text-editor:not(.elementor-drop-cap-view-default) .elementor-drop-cap{margin-top:8px}.elementor-widget-text-editor:not(.elementor-drop-cap-view-default) .elementor-drop-cap-letter{width:1em;height:1em}.elementor-widget-text-editor .elementor-drop-cap{float:left;text-align:center;line-height:1;font-size:50px}.elementor-widget-text-editor .elementor-drop-cap-letter{display:inline-block}<\/style>\t\t\t\t<h4>AVISO LEGAL<\/h4><p>Denominaci\u00f3n Social: <strong>VETTONIA LEGAL, S.L.P.<\/strong><br \/>Nombre comercial en la prestaci\u00f3n de los servicios propios de esta Web: <strong>VETTONIA LEGAL<\/strong><br \/>Domicilio Social: Calle Villanueva 29, 3\u00ba izquierda, 28001 Madrid<br \/>CIF: A87820809<br \/>Email: <a href=\"mailto:info@vettonialegal.com\">info@vettonialegal.com<\/a><br \/>Nombre del dominio: <a href=\"https:\/\/vettonialegal.com\/\">https:\/\/vettonialegal.com\/<\/a><br \/>Tel\u00e9fono: 625348493 \/ 656892452<\/p><p><strong>OBJETO<\/strong><\/p><p>VETTONIA LEGAL, responsable del sitio web, pone a disposici\u00f3n de los usuarios el presente documento con el que pretende dar cumplimiento a las obligaciones dispuestas en la Ley 34\/2002, de Servicios de la Sociedad de la Informaci\u00f3n y del Comercio Electr\u00f3nico (LSSI-CE), as\u00ed como informar a todos los usuarios del sitio web respecto a cu\u00e1les son las condiciones de uso del sitio web.<\/p><p>Toda persona que acceda a este sitio web asume el papel de usuario, comprometi\u00e9ndose a la observancia y cumplimiento riguroso de las disposiciones aqu\u00ed expuestas, as\u00ed como a cualquier otra disposici\u00f3n legal que fuera de aplicaci\u00f3n.<\/p><p>VETTONIA LEGAL se reserva el derecho a modificar cualquier tipo de informaci\u00f3n que pudiera aparecer en el sitio web, sin que exista obligaci\u00f3n de preavisar o poner en conocimiento de los usuarios dichas obligaciones, entendi\u00e9ndose como suficiente con la publicaci\u00f3n en el sitio web <a href=\"https:\/\/vettonialegal.com\/\">https:\/\/vettonialegal.com\/<\/a><\/p><p><strong>RESPONSABILIDAD<\/strong><\/p><p>VETTONIA LEGAL se exime de cualquier tipo de responsabilidad derivada de la informaci\u00f3n publicada en su sitio web, siempre que esta informaci\u00f3n haya sido manipulada o introducida por un tercero ajeno al mismo.<\/p><p>El sitio web <a href=\"https:\/\/vettonialegal.com\/\">https:\/\/vettonialegal.com\/<\/a> utiliza cookies (peque\u00f1os archivos de informaci\u00f3n que el servidor env\u00eda al ordenador de quien accede a la p\u00e1gina) para llevar a cabo determinadas funciones que son consideradas imprescindibles para el correcto funcionamiento y visualizaci\u00f3n del sitio.<\/p><p>VETTONIA LEGAL no se hace responsable de la informaci\u00f3n y contenidos almacenados, a t\u00edtulo enunciativo pero no limitativo, en foros, chats, generadores de blogs, comentarios, redes sociales o cualesquier otro medio que permita a terceros publicar contenidos de forma independiente en la p\u00e1gina web de VETTONIA LEGAL. No obstante y en cumplimiento de lo dispuesto en el art. 11 y 16 de la LSSI-CE, VETTONIA LEGAL se pone a disposici\u00f3n de todos los usuarios, autoridades y fuerzas de seguridad, y colaborando de forma activa en la retirada o en su caso bloqueo de todos aquellos contenidos que pudieran afectar o contravenir la legislaci\u00f3n nacional, o internacional, derechos de terceros o la moral y el orden p\u00fablico. En caso de que el usuario considere que existe en el sitio web alg\u00fan contenido que pudiera ser susceptible de esta clasificaci\u00f3n, se ruega lo notifique de forma inmediata al administrador del sitio web.<\/p><p>Este sitio web ha sido revisado y probado para que funcione correctamente. En principio, puede garantizarse el correcto funcionamiento los 365 d\u00edas del a\u00f1o, 24 horas al d\u00eda. No obstante, VETTONIA LEGAL no descarta la posibilidad de que existan ciertos errores de programaci\u00f3n, o que acontezcan causas de fuerza mayor, cat\u00e1strofes naturales, huelgas, o circunstancias semejantes que hagan imposible el acceso a la p\u00e1gina web.<\/p><p><strong>USO Y ACCESO A LOS CONTENIDOS<\/strong><\/p><p>Salvo que se disponga otra cosa en las Condiciones Particulares de ciertas secciones, el uso de esta p\u00e1gina web tendr\u00e1 car\u00e1cter gratuito, excepto en lo relativo al coste de conexi\u00f3n a trav\u00e9s de la red de telecomunicaciones suministrada por el proveedor de acceso contratado por el Usuario.<\/p><p>El uso de los contenidos y el acceso a la p\u00e1gina web ser\u00e1n responsabilidad \u00fanica y exclusiva del Usuario. Asimismo, el Usuario se compromete a no llevar a cabo ninguna conducta que pudiera da\u00f1ar la imagen, los intereses y los derechos de VETTONIA LEGAL o que impidiera, de cualquier forma, la normal utilizaci\u00f3n de esta p\u00e1gina.<\/p><p>VETTONIA LEGAL no garantiza la ausencia de virus u otros elementos lesivos que pudieran causar da\u00f1os o alteraciones en el sistema inform\u00e1tico, en los documentos electr\u00f3nicos o en los ficheros del usuario de este sitio web. En consecuencia, VETTONIA LEGAL no responde por los da\u00f1os y perjuicios que tales elementos pudieran ocasionar al usuario o a terceros.<\/p><p><strong>ENLACES AL PORTAL<\/strong><\/p><p>El Usuario y, en general, cualquier persona f\u00edsica o jur\u00eddica que quiera establecer un hiperenlace o dispositivo t\u00e9cnico de enlace desde su sitio web a este Sitio web deber\u00e1 obtener una autorizaci\u00f3n previa de VETTONIA LEGAL. En todo caso VETTONIA LEGAL se reserva el derecho de prohibir o inutilizar en cualquier momento cualquier hiperenlace a este sitio web.<\/p><p>VETTONIA LEGAL pone a disposici\u00f3n del Usuario enlaces que permiten acceso a sitios o portales de Internet pertenecientes a o gestionados por terceros, lo que no implica en ning\u00fan caso la existencia de relaciones entre VETTONIA LEGAL y el propietario de la p\u00e1gina web enlazada.<\/p><p>VETTONIA LEGAL no supervisa ni controla en modo alguno los contenidos y servicios de los sitios enlazados o que enlazan a esta p\u00e1gina web por lo que no se har\u00e1 responsable en ning\u00fan caso de los mismos ni de los da\u00f1os que se puedan producir como consecuencia de la ilicitud, desactualizaci\u00f3n, error e inutilidad de los contenidos y\/o servicios de los sitios enlazados.<\/p><p><strong>PROPIEDAD INTELECTUAL E INDUSTRIAL<\/strong><\/p><p>El sitio web, incluyendo a t\u00edtulo enunciativo pero no limitativo su programaci\u00f3n, edici\u00f3n, compilaci\u00f3n y dem\u00e1s elementos necesarios para su funcionamiento, los dise\u00f1os, logotipos, texto y\/o gr\u00e1ficos son propiedad de VETTONIA LEGAL o en su caso dispone de licencia o autorizaci\u00f3n expresa por parte de los autores. Todos los contenidos del sitio web se encuentran debidamente protegidos por la normativa de propiedad intelectual e industrial, as\u00ed como inscritos en los registros p\u00fablicos correspondientes.<\/p><p>Independientemente de la finalidad para la que fueran destinados, la reproducci\u00f3n total o parcial, uso, explotaci\u00f3n, distribuci\u00f3n y comercializaci\u00f3n, requiere en todo caso de la autorizaci\u00f3n escrita previa por parte de VETTONIA LEGAL. Cualquier uso no autorizado previamente por parte del usuario ser\u00e1 considerado un incumplimiento grave de los derechos de propiedad intelectual o industrial del autor.<\/p><p>Los dise\u00f1os, logotipos, texto y\/o gr\u00e1ficos ajenos al prestador y que pudieran aparecer en el sitio web, pertenecen a sus respectivos propietarios, siendo ellos mismos responsables de cualquier posible controversia que pudiera suscitarse respecto a los mismos. En todo caso, VETTONIA LEGAL cuenta con la autorizaci\u00f3n expresa y previa por parte de los mismos.<\/p><p>VETTONIA LEGAL reconoce a favor de sus titulares los correspondientes derechos de propiedad industrial e intelectual, no implicando su sola menci\u00f3n o aparici\u00f3n en el sitio web la existencia de derechos o responsabilidad alguna de VETTONIA LEGAL sobre los mismos, como tampoco respaldo, patrocinio o recomendaci\u00f3n por parte del mismo.<\/p><p>Para realizar cualquier tipo de observaci\u00f3n respecto a posibles incumplimientos de los derechos de propiedad intelectual o industrial, as\u00ed como sobre cualquiera de los contenidos del sitio web, puede hacerlo a trav\u00e9s del siguiente correo electr\u00f3nico: <a href=\"mailto:info@vettonialegal.com\">info@vettonialegal.com<\/a><\/p><p><strong>LEY APLICABLE Y JURISDICCI\u00d3N<\/strong><\/p><p>Para la resoluci\u00f3n de todas las controversias o cuestiones relacionadas con el presente sitio web o de las actividades en \u00e9l desarrolladas, ser\u00e1 de aplicaci\u00f3n la legislaci\u00f3n espa\u00f1ola, a la que se someten expresamente las partes, siendo competentes para la resoluci\u00f3n de todos los conflictos derivados o relacionados con su uso los Juzgados y Tribunales de Madrid.<\/p>\t\t\t\t\t\t<\/div>\n\t\t\t\t<\/div>\n\t\t\t\t\t<\/div>\n\t\t<\/div>\n\t\t\t\t\t<\/div>\n\t\t<\/section>\n\t\t\t\t<\/div>\n\t\t","protected":false},"excerpt":{"rendered":"<p>AVISO LEGAL Denominaci\u00f3n Social: VETTONIA LEGAL, S.L.P.Nombre comercial en la prestaci\u00f3n de los servicios propios de esta Web: VETTONIA LEGALDomicilio Social: Calle Villanueva 29, 3\u00ba izquierda, 28001 MadridCIF: A87820809Email: info@vettonialegal.comNombre del dominio: https:\/\/vettonialegal.com\/Tel\u00e9fono: 625348493 \/ 656892452 OBJETO VETTONIA LEGAL, responsable del sitio web, pone a disposici\u00f3n de los usuarios el presente documento con el que [&hellip;]<\/p>\n","protected":false},"author":1,"featured_media":0,"parent":0,"menu_order":0,"comment_status":"closed","ping_status":"closed","template":"","meta":{"footnotes":""},"class_list":["post-49","page","type-page","status-publish","hentry"],"yoast_head":"<!-- This site is optimized with the Yoast SEO plugin v22.8 - https:\/\/yoast.com\/wordpress\/plugins\/seo\/ -->\n<title>Aviso legal - VETTONIA LEGAL ABOGADOS<\/title>\n<meta name=\"description\" content=\"Aviso legal\" \/>\n<meta name=\"robots\" content=\"index, follow, max-snippet:-1, max-image-preview:large, max-video-preview:-1\" \/>\n<link rel=\"canonical\" href=\"https:\/\/vettonialegal.com\/index.php\/aviso-legal\/\" \/>\n<meta property=\"og:locale\" content=\"es_ES\" \/>\n<meta property=\"og:type\" content=\"article\" \/>\n<meta property=\"og:title\" content=\"Aviso legal - VETTONIA LEGAL ABOGADOS\" \/>\n<meta property=\"og:description\" content=\"Aviso legal\" \/>\n<meta property=\"og:url\" content=\"https:\/\/vettonialegal.com\/index.php\/aviso-legal\/\" \/>\n<meta property=\"og:site_name\" content=\"VETTONIA LEGAL ABOGADOS\" \/>\n<meta property=\"article:modified_time\" content=\"2023-04-10T14:47:15+00:00\" \/>\n<meta name=\"twitter:card\" content=\"summary_large_image\" \/>\n<meta name=\"twitter:label1\" content=\"Tiempo de lectura\" \/>\n\t<meta name=\"twitter:data1\" content=\"6 minutos\" \/>\n<script type=\"application\/ld+json\" class=\"yoast-schema-graph\">{\"@context\":\"https:\/\/schema.org\",\"@graph\":[{\"@type\":\"WebPage\",\"@id\":\"https:\/\/vettonialegal.com\/index.php\/aviso-legal\/\",\"url\":\"https:\/\/vettonialegal.com\/index.php\/aviso-legal\/\",\"name\":\"Aviso legal - VETTONIA LEGAL ABOGADOS\",\"isPartOf\":{\"@id\":\"https:\/\/vettonialegal.com\/#website\"},\"datePublished\":\"2022-12-21T13:23:07+00:00\",\"dateModified\":\"2023-04-10T14:47:15+00:00\",\"description\":\"Aviso legal\",\"breadcrumb\":{\"@id\":\"https:\/\/vettonialegal.com\/index.php\/aviso-legal\/#breadcrumb\"},\"inLanguage\":\"es\",\"potentialAction\":[{\"@type\":\"ReadAction\",\"target\":[\"https:\/\/vettonialegal.com\/index.php\/aviso-legal\/\"]}]},{\"@type\":\"BreadcrumbList\",\"@id\":\"https:\/\/vettonialegal.com\/index.php\/aviso-legal\/#breadcrumb\",\"itemListElement\":[{\"@type\":\"ListItem\",\"position\":1,\"name\":\"Portada\",\"item\":\"https:\/\/vettonialegal.com\/\"},{\"@type\":\"ListItem\",\"position\":2,\"name\":\"Aviso legal\"}]},{\"@type\":\"WebSite\",\"@id\":\"https:\/\/vettonialegal.com\/#website\",\"url\":\"https:\/\/vettonialegal.com\/\",\"name\":\"VETTONIA LEGAL ABOGADOS\",\"description\":\"Vettonia Legal despacho de abogados\",\"publisher\":{\"@id\":\"https:\/\/vettonialegal.com\/#organization\"},\"potentialAction\":[{\"@type\":\"SearchAction\",\"target\":{\"@type\":\"EntryPoint\",\"urlTemplate\":\"https:\/\/vettonialegal.com\/?s={search_term_string}\"},\"query-input\":\"required name=search_term_string\"}],\"inLanguage\":\"es\"},{\"@type\":\"Organization\",\"@id\":\"https:\/\/vettonialegal.com\/#organization\",\"name\":\"VETTONIA LEGAL ABOGADOS\",\"url\":\"https:\/\/vettonialegal.com\/\",\"logo\":{\"@type\":\"ImageObject\",\"inLanguage\":\"es\",\"@id\":\"https:\/\/vettonialegal.com\/#\/schema\/logo\/image\/\",\"url\":\"https:\/\/vettonialegal.com\/wp-content\/uploads\/2022\/12\/vettonia_logo_1.png\",\"contentUrl\":\"https:\/\/vettonialegal.com\/wp-content\/uploads\/2022\/12\/vettonia_logo_1.png\",\"width\":354,\"height\":265,\"caption\":\"VETTONIA LEGAL ABOGADOS\"},\"image\":{\"@id\":\"https:\/\/vettonialegal.com\/#\/schema\/logo\/image\/\"}}]}<\/script>\n<!-- \/ Yoast SEO plugin. -->","yoast_head_json":{"title":"Aviso legal - VETTONIA LEGAL ABOGADOS","description":"Aviso legal","robots":{"index":"index","follow":"follow","max-snippet":"max-snippet:-1","max-image-preview":"max-image-preview:large","max-video-preview":"max-video-preview:-1"},"canonical":"https:\/\/vettonialegal.com\/index.php\/aviso-legal\/","og_locale":"es_ES","og_type":"article","og_title":"Aviso legal - VETTONIA LEGAL ABOGADOS","og_description":"Aviso legal","og_url":"https:\/\/vettonialegal.com\/index.php\/aviso-legal\/","og_site_name":"VETTONIA LEGAL ABOGADOS","article_modified_time":"2023-04-10T14:47:15+00:00","twitter_card":"summary_large_image","twitter_misc":{"Tiempo de lectura":"6 minutos"},"schema":{"@context":"https:\/\/schema.org","@graph":[{"@type":"WebPage","@id":"https:\/\/vettonialegal.com\/index.php\/aviso-legal\/","url":"https:\/\/vettonialegal.com\/index.php\/aviso-legal\/","name":"Aviso legal - VETTONIA LEGAL ABOGADOS","isPartOf":{"@id":"https:\/\/vettonialegal.com\/#website"},"datePublished":"2022-12-21T13:23:07+00:00","dateModified":"2023-04-10T14:47:15+00:00","description":"Aviso legal","breadcrumb":{"@id":"https:\/\/vettonialegal.com\/index.php\/aviso-legal\/#breadcrumb"},"inLanguage":"es","potentialAction":[{"@type":"ReadAction","target":["https:\/\/vettonialegal.com\/index.php\/aviso-legal\/"]}]},{"@type":"BreadcrumbList","@id":"https:\/\/vettonialegal.com\/index.php\/aviso-legal\/#breadcrumb","itemListElement":[{"@type":"ListItem","position":1,"name":"Portada","item":"https:\/\/vettonialegal.com\/"},{"@type":"ListItem","position":2,"name":"Aviso legal"}]},{"@type":"WebSite","@id":"https:\/\/vettonialegal.com\/#website","url":"https:\/\/vettonialegal.com\/","name":"VETTONIA LEGAL ABOGADOS","description":"Vettonia Legal despacho de abogados","publisher":{"@id":"https:\/\/vettonialegal.com\/#organization"},"potentialAction":[{"@type":"SearchAction","target":{"@type":"EntryPoint","urlTemplate":"https:\/\/vettonialegal.com\/?s={search_term_string}"},"query-input":"required name=search_term_string"}],"inLanguage":"es"},{"@type":"Organization","@id":"https:\/\/vettonialegal.com\/#organization","name":"VETTONIA LEGAL ABOGADOS","url":"https:\/\/vettonialegal.com\/","logo":{"@type":"ImageObject","inLanguage":"es","@id":"https:\/\/vettonialegal.com\/#\/schema\/logo\/image\/","url":"https:\/\/vettonialegal.com\/wp-content\/uploads\/2022\/12\/vettonia_logo_1.png","contentUrl":"https:\/\/vettonialegal.com\/wp-content\/uploads\/2022\/12\/vettonia_logo_1.png","width":354,"height":265,"caption":"VETTONIA LEGAL ABOGADOS"},"image":{"@id":"https:\/\/vettonialegal.com\/#\/schema\/logo\/image\/"}}]}},"_links":{"self":[{"href":"https:\/\/vettonialegal.com\/index.php\/wp-json\/wp\/v2\/pages\/49","targetHints":{"allow":["GET"]}}],"collection":[{"href":"https:\/\/vettonialegal.com\/index.php\/wp-json\/wp\/v2\/pages"}],"about":[{"href":"https:\/\/vettonialegal.com\/index.php\/wp-json\/wp\/v2\/types\/page"}],"author":[{"embeddable":true,"href":"https:\/\/vettonialegal.com\/index.php\/wp-json\/wp\/v2\/users\/1"}],"replies":[{"embeddable":true,"href":"https:\/\/vettonialegal.com\/index.php\/wp-json\/wp\/v2\/comments?post=49"}],"version-history":[{"count":4,"href":"https:\/\/vettonialegal.com\/index.php\/wp-json\/wp\/v2\/pages\/49\/revisions"}],"predecessor-version":[{"id":205,"href":"https:\/\/vettonialegal.com\/index.php\/wp-json\/wp\/v2\/pages\/49\/revisions\/205"}],"wp:attachment":[{"href":"https:\/\/vettonialegal.com\/index.php\/wp-json\/wp\/v2\/media?parent=49"}],"curies":[{"name":"wp","href":"https:\/\/api.w.org\/{rel}","templated":true}]}}